alculate the highest common factor of s and 48.
16
Suppose 0 = -4*r - m - 11 + 681, -m = 2. What is the highest common factor of r and 140?
28
Let a = -9 - 6. Let w = a - -15. Suppose w = -5*p, -2*h + p + 39 = h. What is the highest common factor of h and 91?
13
Suppose 2*r - 4*h = 48, -3*r + 2*h = h - 62. Suppose -5*t = r, 0 = o - 0*t + t - 128. Calculate the highest common divisor of 12 and o.
12
Suppose -3*k - 2*k + 5*d = 15, 3*d = 2*k + 3. Let p be ((-176)/k)/(6/9). What is the highest common divisor of 11 and p?
11
Let d(s) = -7*s**3 + s**2 - s - 1. Let j be d(-1). Suppose 80 = -j*h + 10*h. Calculate the greatest common factor of 10 and h.
10
Suppose -4*o = -271 - 521. What is the greatest common factor of o and 22?
22
Let q = 544 - 446. Calculate the greatest common divisor of q and 28.
14
Let h = 16 - -4. Suppose 4*r - h = 3*r. Calculate the greatest common divisor of 140 and r.
20
Let u(m) = -12 + 18*m + 1 + 0 - 16*m. Let z be u(9). What is the greatest common divisor of z and 14?
7
Let w(j) = -13*j + 19. Let x be w(-10). Suppose -5*u - 137 = 5*r + 18, 5*r = -2*u - x. Let c = 38 + r. What is the highest common factor of 72 and c?
9
Suppose -5*u = 5*f - 91 - 4, 4*u - 5*f - 49 = 0. What is the highest common divisor of u and 188?
4
Suppose -23*p = -25*p + 92. Suppose p*i - 144 = 37*i. What is the highest common factor of 40 and i?
8
Suppose -6 + 66 = -4*k + 5*a, 4 = a. Let c = -31 + 17. Let w = k - c. What is the greatest common divisor of w and 44?
4
Suppose 0 = -6*z - 12*z + 468. Suppose 0 = -16*l + 12*l + 1144. Calculate the highest common factor of l and z.
26
Let z = 12 - 10. Let f(p) = -p + p**2 + p**3 + 1 + p - 2*p**2. Let x be f(z). Calculate the greatest common divisor of 55 and x.
5
Let x = 50 - 55. Let v be (x/(-2))/(55/132). What is the greatest common factor of 96 and v?
6
Suppose 4*h - 13*h + 36 = 0. What is the greatest common factor of 32 and h?
4
Suppose -k - 5*w + 225 = 0, 90 = -k + 2*w + 315. What is the greatest common divisor of 90 and k?
45
Suppose 0 = -52*n + 42*n + 1180. What is the greatest common factor of 649 and n?
59
Suppose -4*o = 50 + 74. Let i = 66 + o. Calculate the highest common factor of i and 7.
7
Let l(r) = 19 - 31 - r + 14. Let h be l(-8). Calculate the greatest common factor of h and 10.
10
Let t = 109 - 87. Let y(k) = 12*k + 2. Let i be y(9). What is the greatest common divisor of i and t?
22
Let h = 143 + -26. What is the greatest common divisor of h and 13?
13
Let s = 2859 + -1682. Calculate the greatest common divisor of s and 214.
107
Suppose -u + 735 = 5*y, -1428 = -2*u + 3*y + y. Suppose -3*x - u = -7*x. What is the highest common factor of 15 and x?
15
Let i(u) = 6*u**2 - u**3 + 2 + 6 - 4*u + 0 + 7*u. Let b be i(6). What is the highest common factor of b and 234?
26
Suppose 3*s = -s + 40. Let m be ((-36)/(-8) + -4)*180. What is the highest common divisor of m and s?
10
Let d be -2 + (1515/(-20))/(3/(-8)). What is the highest common factor of d and 10?
10
Suppose 28*p - 54555 = -10287. What is the highest common divisor of 51 and p?
51
Let y = -2047 + 3036. What is the greatest common factor of 46 and y?
23
Suppose 5*g - 89 = 106. What is the greatest common factor of g and 52?
13
Suppose 357 = 2*c + 3*q, -c + 67 = 3*q - 107. What is the highest common factor of c and 976?
61
Let z = -64 + 66. Suppose -n = z*s - 31, 3*s = -3*n + 4 + 41. What is the highest common divisor of s and 4?
4
Suppose -5 - 13 = 3*m. Let l(g) = g**2 - 1. Let d be l(-1). Let t be 24 + m - (d - 0). Calculate the highest common factor of 36 and t.
18
Suppose 0 = -v + 57 - 50. Let q be (-754)/(-7) + 2/v. Calculate the greatest common factor of 27 and q.
27
Suppose 4*u - 2 = -2*s, 20 = 4*s + s + 5*u. What is the greatest common divisor of 189 and s?
7
Let s be 4/8 + (-163)/(-2). What is the greatest common factor of s and 82?
82
Suppose 2*g + 6 = 36. Let y = g - -5. Calculate the highest common divisor of y and 60.
20
Let r(h) = -9*h**2 + h + 5. Let s be r(-2). Let j be s/39 + (-8)/52. Let w(y) = 19*y**2 - 1. Let v be w(j). Calculate the greatest common factor of 6 and v.
6
Let y be 2/3*15*6. Suppose -l - y = -5*n, 0 = -n + l + 25 - 9. Let p(t) = t**2 - 9*t + 14. Let g be p(n). Calculate the greatest common divisor of 4 and g.
4
Let j = 1566 + -1547. Calculate the greatest common divisor of j and 19.
19
Suppose -5*g - 5*j = -122 - 13, 4*g - 104 = -2*j. Let h be (-105)/(-4) + 150/(-120). What is the highest common factor of h and g?
25
Let f(t) = 32*t**2 - 2*t. Let q be f(1). Calculate the greatest common factor of q and 30.
30
Let m(i) = 2 - 3*i**3 + 8 + 8*i + 4*i**3 - 8*i**2. Let f be m(7). Calculate the greatest common divisor of 68 and f.
17
Suppose -6*p = 4*n - 62, 0 = 32*p - 36*p + 12. Let i(g) = -22*g - 7. Let k be i(-5). Let q = 191 - k. What is the highest common factor of n and q?
11
Let s(a) = -a**3 + 1 - a + a + 3*a - 4*a**2 + 2*a**3. Let c be s(3). Let o be ((1 - 2) + 2)*c. Calculate the highest common factor of 11 and o.
1
Suppose 0 = -4*c + 19*c - 1740. Suppose -3*v + 619 = 4*q, -v = 5*q - 83 - c. Calculate the highest common factor of 19 and v.
19
Suppose 233 - 88 = -5*v. Let g = 32 + v. Calculate the highest common factor of g and 2.
1
Suppose g - 10 = -2*n - 3, -4*n = 4*g - 20. Suppose 13 = 3*t - g*v - 47, -22 = -2*t - 4*v. What is the highest common divisor of t and 136?
17
Let f(t) = -t**3 - t - 4. Let z be f(0). Let a be (-4)/(z*(-4)/(-72)). What is the greatest common divisor of a and 2?
2
Suppose -3*w - 3*k + 66 = 0, -w + 16 = 2*k + 2*k. What is the highest common divisor of w and 56?
8
Let n = -920 + 1718. What is the greatest common factor of 42 and n?
42
Suppose -3947 = -102*q + 2479. What is the highest common factor of q and 259?
7
Let z be 30/(-105) + (-47)/7. Let s be -5*(z - (-2 - -2)). Let n = 40 - s. Calculate the highest common divisor of 25 and n.
5
Suppose 10172 = 14*k + 3606. Calculate the highest common factor of 67 and k.
67
Suppose 705*l = 704*l + 45. What is the greatest common divisor of l and 45?
45
Let l be 1298/16 + -1 + (-21)/(-24). Calculate the highest common divisor of 135 and l.
27
Let u(l) = -16*l - 18. Let m be u(-9). Calculate the greatest common factor of 14 and m.
14
Suppose j - 55 = u, -16*j - 54 = -17*j + 2*u. Calculate the greatest common divisor of j and 64.
8
Let z(s) = 8*s - 50. Let w be z(9). What is the highest common factor of 55 and w?
11
Let q = -36 - -180. Let c = -185 + 106. Let s = c + q. What is the highest common divisor of s and 13?
13
Let x(c) = 15*c**3 - 4*c**2 + 5*c - 3. Let f be x(1). Let k = 203 - 60. What is the greatest common divisor of f and k?
13
Let p(f) = 16*f**2 + 4*f - 3. Let y be p(2). Suppose -5*u + 248 = -3*z, -42 = -u + z + 10. Calculate the highest common divisor of u and y.
23
Let j be (6/15)/(1/10). Suppose -j*i = -88 - 36. What is the greatest common factor of i and 248?
31
Suppose 2*r + 0*r + 3*t - 162 = 0, 3*r = -t + 236. What is the greatest common factor of r and 351?
39
Let y be (-3)/9*-9 + 390/6. Calculate the greatest common factor of 17 and y.
17
Let u(d) = -112*d. Let r be u(-1). Let t be 350/(-30)*(6 + 36/(-5)). What is the greatest common divisor of t and r?
14
Suppose -w - 2*w + 699 = 0. Let c = -131 + w. Suppose 3*a = -2*r + 25, -2 = -r - 0*a - 5*a. Calculate the highest common divisor of c and r.
17
Suppose 32 = 4*w + 12. What is the highest common divisor of w and 35?
5
Let j be 20/(-8)*((-780)/525 - (-4)/14). Let s(o) = -4 + 3*o - o**2 + 2 + 1. Let h be s(2). Calculate the greatest common factor of h and j.
1
Let j = 772 + -762. What is the greatest common factor of j and 3?
1
Let s = 554 - -205. Calculate the greatest common divisor of s and 11.
11
Suppose -2*b + 7*b = 25, 3*b + 15 = 5*i. Suppose 67 = -2*d - 95. Let t = -39 - d. Calculate the greatest common factor of i and t.
6
Suppose 46*x - 35*x = 605. What is the highest common divisor of x and 10?
5
Let o(x) = x**3 - x**2 - x. Let l(s) = -5*s**3 + s**2 + 8*s + 2. Let j(q) = -l(q) - 4*o(q). Let b be j(-3). Calculate the highest common factor of 30 and b.
10
Let u(z) be the first derivative of -z**3/3 + 9*z**2/2 + 4*z - 8. Let i be u(9). Suppose 72 = i*p - 2*p. What is the greatest common factor of 54 and p?
18
Suppose 471 = 6*u - 33. Suppose 0 = -i - 2*c +